{"id":202,"date":"2023-04-16T10:03:42","date_gmt":"2023-04-16T08:03:42","guid":{"rendered":"http:\/\/agrion-risle-charentonne.fr\/?page_id=202"},"modified":"2025-05-03T09:13:41","modified_gmt":"2025-05-03T07:13:41","slug":"evenements","status":"publish","type":"page","link":"https:\/\/agrion-risle-charentonne.fr\/index.php\/evenements\/","title":{"rendered":"\u00c9v\u00e8nements"},"content":{"rendered":"\n<h2 class=\"wp-block-heading\">Calendrier<\/h2>\n\n\n\n<div  class=\"tribe-compatibility-container tribe-theme-twentytwenty\" >\n\t<div\n\t\t class=\"tribe-common tribe-events tribe-events-view tribe-events-view--widget-events-list tribe-events-widget\" \t\tdata-js=\"tribe-events-view\"\n\t\tdata-view-rest-url=\"https:\/\/agrion-risle-charentonne.fr\/index.php\/wp-json\/tribe\/views\/v2\/html\"\n\t\tdata-view-manage-url=\"1\"\n\t\t\t\t\t\t\tdata-view-breakpoint-pointer=\"8134111b-d395-4586-9675-c547fe872c49\"\n\t\t\t>\n\t\t<div class=\"tribe-events-widget-events-list\">\n\n\t\t\t\n\t\t\t<script data-js=\"tribe-events-view-data\" type=\"application\/json\">\n\t{\"slug\":\"widget-events-list\",\"prev_url\":\"\",\"next_url\":\"\",\"view_class\":\"Tribe\\\\Events\\\\Views\\\\V2\\\\Views\\\\Widgets\\\\Widget_List_View\",\"view_slug\":\"widget-events-list\",\"view_label\":\"View\",\"view\":null,\"should_manage_url\":true,\"id\":null,\"alias-slugs\":null,\"title\":\"Prochains \\u00c9v\\u00e8nements \\u2013 L'Agrion Risle Charentonne\",\"limit\":\"5\",\"no_upcoming_events\":false,\"featured_events_only\":false,\"jsonld_enable\":true,\"tribe_is_list_widget\":false,\"admin_fields\":{\"title\":{\"label\":\"Titre\\u00a0:\",\"type\":\"text\",\"parent_classes\":\"\",\"classes\":\"\",\"dependency\":\"\",\"id\":\"widget-tribe-widget-events-list--1-title\",\"name\":\"widget-tribe-widget-events-list[-1][title]\",\"options\":[],\"placeholder\":\"\",\"value\":null},\"limit\":{\"label\":\"Afficher\\u00a0:\",\"type\":\"number\",\"default\":5,\"min\":1,\"max\":10,\"step\":1,\"parent_classes\":\"\",\"classes\":\"\",\"dependency\":\"\",\"id\":\"widget-tribe-widget-events-list--1-limit\",\"name\":\"widget-tribe-widget-events-list[-1][limit]\",\"options\":[],\"placeholder\":\"\",\"value\":null},\"no_upcoming_events\":{\"label\":\"Cacher ce widget s\\u2019il n\\u2019y a pas d\\u2019\\u00e9v\\u00e8nements \\u00e0 venir.\",\"type\":\"checkbox\",\"parent_classes\":\"\",\"classes\":\"\",\"dependency\":\"\",\"id\":\"widget-tribe-widget-events-list--1-no_upcoming_events\",\"name\":\"widget-tribe-widget-events-list[-1][no_upcoming_events]\",\"options\":[],\"placeholder\":\"\",\"value\":null},\"featured_events_only\":{\"label\":\"Limiter uniquement pour les \\u00e9v\\u00e8nements mis en avant\",\"type\":\"checkbox\",\"parent_classes\":\"\",\"classes\":\"\",\"dependency\":\"\",\"id\":\"widget-tribe-widget-events-list--1-featured_events_only\",\"name\":\"widget-tribe-widget-events-list[-1][featured_events_only]\",\"options\":[],\"placeholder\":\"\",\"value\":null},\"jsonld_enable\":{\"label\":\"G\\u00e9n\\u00e9rer les donn\\u00e9es JSON-LD\",\"type\":\"checkbox\",\"parent_classes\":\"\",\"classes\":\"\",\"dependency\":\"\",\"id\":\"widget-tribe-widget-events-list--1-jsonld_enable\",\"name\":\"widget-tribe-widget-events-list[-1][jsonld_enable]\",\"options\":[],\"placeholder\":\"\",\"value\":null}},\"events\":[],\"url\":\"https:\\\/\\\/agrion-risle-charentonne.fr\\\/?post_type=tribe_events&eventDisplay=widget-events-list\",\"url_event_date\":false,\"bar\":{\"keyword\":\"\",\"date\":\"\"},\"today\":\"2026-04-15 00:00:00\",\"now\":\"2026-04-15 19:16:04\",\"home_url\":\"https:\\\/\\\/agrion-risle-charentonne.fr\",\"rest_url\":\"https:\\\/\\\/agrion-risle-charentonne.fr\\\/index.php\\\/wp-json\\\/tribe\\\/views\\\/v2\\\/html\",\"rest_method\":\"GET\",\"rest_nonce\":\"\",\"today_url\":\"https:\\\/\\\/agrion-risle-charentonne.fr\\\/?post_type=tribe_events&eventDisplay=widget-events-list&rest_route=%2Fwp%2Fv2%2Fpages%2F202\",\"today_title\":\"Cliquer pour s\\u00e9lectionner la date du jour\",\"today_label\":\"Aujourd\\u2019hui\",\"prev_label\":\"\",\"next_label\":\"\",\"date_formats\":{\"compact\":\"n\\\/j\\\/Y\",\"month_and_year_compact\":\"n\\\/Y\",\"month_and_year\":\"F Y\",\"time_range_separator\":\" - \",\"date_time_separator\":\" @ \"},\"messages\":{\"notice\":[\"Il n\\u2019y a pas d\\u2019\\u00e9v\\u00e8nements \\u00e0 venir.\"]},\"start_of_week\":\"1\",\"header_title\":\"\",\"header_title_element\":\"h1\",\"content_title\":\"\",\"show_content_title\":false,\"breadcrumbs\":[],\"backlink\":false,\"before_events\":\"\",\"after_events\":\"\\n<!--\\nThis calendar is powered by The Events Calendar.\\nhttp:\\\/\\\/evnt.is\\\/18wn\\n-->\\n\",\"display_events_bar\":false,\"disable_event_search\":false,\"live_refresh\":true,\"ical\":{\"display_link\":true,\"link\":{\"url\":\"https:\\\/\\\/agrion-risle-charentonne.fr\\\/?post_type=tribe_events&#038;eventDisplay=widget-events-list&#038;ical=1\",\"text\":\"Exporter \\u00c9v\\u00e8nements\",\"title\":\"Utilisez ceci pour partager les donn\\u00e9es de calendrier avec Google Calendar, Apple iCal et d\\u2019autres applications compatibles\"}},\"container_classes\":[\"tribe-common\",\"tribe-events\",\"tribe-events-view\",\"tribe-events-view--widget-events-list\",\"tribe-events-widget\"],\"container_data\":[],\"is_past\":false,\"breakpoints\":{\"xsmall\":500,\"medium\":768,\"full\":960},\"breakpoint_pointer\":\"8134111b-d395-4586-9675-c547fe872c49\",\"is_initial_load\":false,\"public_views\":{\"list\":{\"view_class\":\"Tribe\\\\Events\\\\Views\\\\V2\\\\Views\\\\List_View\",\"view_url\":\"https:\\\/\\\/agrion-risle-charentonne.fr\\\/calendrier\\\/liste\\\/\",\"view_label\":\"Liste\",\"aria_label\":\"Display \\u00c9v\\u00e8nements in Liste View\"},\"month\":{\"view_class\":\"Tribe\\\\Events\\\\Views\\\\V2\\\\Views\\\\Month_View\",\"view_url\":\"https:\\\/\\\/agrion-risle-charentonne.fr\\\/calendrier\\\/mois\\\/\",\"view_label\":\"Mois\",\"aria_label\":\"Display \\u00c9v\\u00e8nements in Mois View\"},\"day\":{\"view_class\":\"Tribe\\\\Events\\\\Views\\\\V2\\\\Views\\\\Day_View\",\"view_url\":\"https:\\\/\\\/agrion-risle-charentonne.fr\\\/calendrier\\\/aujourdhui\\\/\",\"view_label\":\"Jour\",\"aria_label\":\"Display \\u00c9v\\u00e8nements in Jour View\"}},\"show_latest_past\":false,\"past\":false,\"compatibility_classes\":[\"tribe-compatibility-container\",\"tribe-theme-twentytwenty\"],\"view_more_text\":\"Voir le calendrier\",\"view_more_title\":\"Voir plus d\\u2019\\u00e9v\\u00e8nements.\",\"view_more_link\":\"https:\\\/\\\/agrion-risle-charentonne.fr\\\/calendrier\\\/\",\"widget_title\":\"\\u00c9v\\u00e8nements \\u00e0 venir\",\"hide_if_no_upcoming_events\":false,\"display\":[],\"subscribe_links\":{\"gcal\":{\"label\":\"Google Agenda\",\"single_label\":\"Ajouter \\u00e0 Google Agenda\",\"visible\":true,\"block_slug\":\"hasGoogleCalendar\"},\"ical\":{\"label\":\"iCalendar\",\"single_label\":\"Ajouter \\u00e0 iCalendar\",\"visible\":true,\"block_slug\":\"hasiCal\"},\"outlook-365\":{\"label\":\"Outlook 365\",\"single_label\":\"Outlook 365\",\"visible\":true,\"block_slug\":\"hasOutlook365\"},\"outlook-live\":{\"label\":\"Outlook Live\",\"single_label\":\"Outlook Live\",\"visible\":true,\"block_slug\":\"hasOutlookLive\"},\"ics\":{\"label\":\"Exporter le fichier .ics\",\"single_label\":\"Exporter le fichier .ics\",\"visible\":true,\"block_slug\":null},\"outlook-ics\":{\"label\":\"Exporter le fichier Outlook .ics\",\"single_label\":\"Exporter le fichier Outlook .ics\",\"visible\":true,\"block_slug\":null}},\"_context\":{\"slug\":\"widget-events-list\"}}<\/script>\n\n\t\t\t\t\t\t\t<header class=\"tribe-events-widget-events-list__header\">\n\t\t\t\t\t<h2 class=\"tribe-events-widget-events-list__header-title tribe-common-h6 tribe-common-h--alt\">\n\t\t\t\t\t\t\u00c9v\u00e8nements \u00e0 venir\t\t\t\t\t<\/h2>\n\t\t\t\t<\/header>\n\t\t\t\n\t\t\t\n\t\t\t\t<div  class=\"tribe-events-header__messages tribe-events-c-messages tribe-common-b2\"  >\n\t\t\t<div class=\"tribe-events-c-messages__message tribe-events-c-messages__message--notice\" tabindex=\"0\" role=\"alert\" aria-live=\"assertive\">\n\t\t\t<svg\n\t class=\"tribe-common-c-svgicon tribe-common-c-svgicon--messages-not-found tribe-events-c-messages__message-icon-svg\" \taria-hidden=\"true\"\n\tviewBox=\"0 0 21 23\"\n\txmlns=\"http:\/\/www.w3.org\/2000\/svg\"\n>\n\t<g fill-rule=\"evenodd\">\n\t\t<path d=\"M.5 2.5h20v20H.5z\"\/>\n\t\t<path stroke-linecap=\"round\" d=\"M7.583 11.583l5.834 5.834m0-5.834l-5.834 5.834\" class=\"tribe-common-c-svgicon__svg-stroke\"\/>\n\t\t<path stroke-linecap=\"round\" d=\"M4.5.5v4m12-4v4\"\/>\n\t\t<path stroke-linecap=\"square\" d=\"M.5 7.5h20\"\/>\n\t<\/g>\n<\/svg>\n<span class=\"tribe-common-a11y-visual-hide\">\n\tNotice<\/span>\n\t\t\t\t\t\t\t<div\n\t\t\t\t\t data-key=\"0\" >\n\t\t\t\t\tIl n\u2019y a pas d\u2019\u00e9v\u00e8nements \u00e0 venir.\t\t\t\t<\/div>\n\t\t\t\t\t<\/div>\n\t<\/div>\n\n\t\t\t\t\t<\/div>\n\t<\/div>\n<\/div>\n<script data-js='tribe-events-view-nonce-data' type='application\/json'>{\"tvn1\":\"7f14a5fbd4\",\"tvn2\":\"\"}<\/script>\n\n\n\n<script data-js='tribe-events-view-nonce-data' type='application\/json'>{\"tvn1\":\"7f14a5fbd4\",\"tvn2\":\"\"}<\/script>\n\n\n\n<h2 class=\"wp-block-heading\">Historique des \u00e9v\u00e8nements<\/h2>\n\n\n\n<h3 class=\"wp-block-heading\">2025<\/h3>\n\n\n\n<ul class=\"wp-block-list\">\n<li><strong>Janvier :<\/strong> Assembl\u00e9e g\u00e9n\u00e9rale et conf\u00e9rence de X. Barraud. <strong>Le moineau, un oiseau familier mais menac\u00e9.<\/strong><\/li>\n\n\n\n<li><strong>F\u00e9vrier :<\/strong> Conf\u00e9rence de X. Barraud et T. Briffaud. <strong>Le mim\u00e9tisme dans la nature, un ph\u00e9nom\u00e8ne surprenant mais omnipr\u00e9sent.<\/strong><\/li>\n\n\n\n<li><strong>Mars :<\/strong> Conf\u00e9rence de X. Barraud sur les \u00e9volutions de l&rsquo;avifaune en Europe et dans notre r\u00e9gion.<\/li>\n\n\n\n<li><strong>Avril : <\/strong>Sortie \u00e0 Bernay \u00e0 la recherche des oiseaux nicheurs.<\/li>\n<\/ul>\n\n\n\n<h3 class=\"wp-block-heading\">2024<\/h3>\n\n\n\n<ul class=\"wp-block-list\">\n<li><strong>Janvier :<\/strong> assembl\u00e9e g\u00e9n\u00e9rale suivie d&rsquo;\u00e9changes sur les observations insolites des membres de l&rsquo;association.<\/li>\n\n\n\n<li><strong>F\u00e9vrier :<\/strong> conf\u00e9rence de Xavier Barraud sur les oiseaux hivernants. Sortie nature au lac de Brionne pour l&rsquo;observation des oiseaux.<\/li>\n<\/ul>\n\n\n\n<h3 class=\"wp-block-heading\">2023<\/h3>\n\n\n<div class=\"wp-block-image\">\n<figure class=\"aligncenter size-full\"><img loading=\"lazy\" decoding=\"async\" width=\"432\" height=\"591\" src=\"https:\/\/agrion-risle-charentonne.fr\/wp-content\/uploads\/2023\/04\/four-solaire-Thierry-Briffaud.png\" alt=\"\" class=\"wp-image-203\" srcset=\"https:\/\/agrion-risle-charentonne.fr\/wp-content\/uploads\/2023\/04\/four-solaire-Thierry-Briffaud.png 432w, https:\/\/agrion-risle-charentonne.fr\/wp-content\/uploads\/2023\/04\/four-solaire-Thierry-Briffaud-219x300.png 219w\" sizes=\"auto, (max-width: 432px) 100vw, 432px\" \/><figcaption class=\"wp-element-caption\">Thierry Briffaud pr\u00e9sente son four solaire.<\/figcaption><\/figure>\n<\/div>\n\n\n<ul class=\"wp-block-list\">\n<li>Conf\u00e9rence sur la <em>low-tech<\/em> anim\u00e9e par T. Briffaud, avec pr\u00e9sentation d&rsquo;un four solaire qu&rsquo;il a fabriqu\u00e9 lui-m\u00eame, de sa conception \u00e0 son utilisation. De quoi int\u00e9resser \u00e0 la fois bricoleurs, scientifiques et cuisiniers !<\/li>\n\n\n\n<li>Conf\u00e9rence \u00ab&nbsp;Vers de terre et compostage\u00bb avec Fr\u00e9d\u00e9ric Lamblin, ma\u00eetre composteur.<\/li>\n\n\n\n<li>Conf\u00e9rence \u00ab&nbsp;Les rapaces nocturnes&nbsp;\u00bb avec une sortie lors de la Nuit de la Chouette.<\/li>\n\n\n\n<li>Participation aux 48 heures de la biodiversit\u00e9 au Coll\u00e8ge du Hameau.<\/li>\n\n\n\n<li>Soir\u00e9e au Golf de la Charentonne en partenariat avec la M.J.C. sur la sensibilisation au monde sonore.<\/li>\n<\/ul>\n\n\n\n<figure class=\"wp-block-image alignwide size-large\"><img loading=\"lazy\" decoding=\"async\" width=\"1024\" height=\"381\" src=\"https:\/\/agrion-risle-charentonne.fr\/wp-content\/uploads\/2023\/04\/PXL_20230331_172009306.PANO_-1024x381.png\" alt=\"\" class=\"wp-image-143\" srcset=\"https:\/\/agrion-risle-charentonne.fr\/wp-content\/uploads\/2023\/04\/PXL_20230331_172009306.PANO_-1024x381.png 1024w, https:\/\/agrion-risle-charentonne.fr\/wp-content\/uploads\/2023\/04\/PXL_20230331_172009306.PANO_-300x112.png 300w, https:\/\/agrion-risle-charentonne.fr\/wp-content\/uploads\/2023\/04\/PXL_20230331_172009306.PANO_-768x285.png 768w, https:\/\/agrion-risle-charentonne.fr\/wp-content\/uploads\/2023\/04\/PXL_20230331_172009306.PANO_-1536x571.png 1536w, https:\/\/agrion-risle-charentonne.fr\/wp-content\/uploads\/2023\/04\/PXL_20230331_172009306.PANO_-1200x446.png 1200w, https:\/\/agrion-risle-charentonne.fr\/wp-content\/uploads\/2023\/04\/PXL_20230331_172009306.PANO_.png 1859w\" sizes=\"auto, (max-width: 1024px) 100vw, 1024px\" \/><\/figure>\n\n\n\n<ul class=\"wp-block-list\">\n<li>Conf\u00e9rence sur les outils d&rsquo;identification et de recensement de la faune et de la flore sauvage (Plantnet, BirdNET, Mam&rsquo;Route&#8230;)<\/li>\n<\/ul>\n\n\n\n<figure class=\"wp-block-image size-full\"><img loading=\"lazy\" decoding=\"async\" width=\"941\" height=\"531\" src=\"https:\/\/agrion-risle-charentonne.fr\/wp-content\/uploads\/2023\/05\/PART_1685129399899.jpg\" alt=\"\" class=\"wp-image-305\" srcset=\"https:\/\/agrion-risle-charentonne.fr\/wp-content\/uploads\/2023\/05\/PART_1685129399899.jpg 941w, https:\/\/agrion-risle-charentonne.fr\/wp-content\/uploads\/2023\/05\/PART_1685129399899-300x169.jpg 300w, https:\/\/agrion-risle-charentonne.fr\/wp-content\/uploads\/2023\/05\/PART_1685129399899-768x433.jpg 768w\" sizes=\"auto, (max-width: 941px) 100vw, 941px\" \/><\/figure>\n\n\n\n<h3 class=\"wp-block-heading\">2022<\/h3>\n\n\n\n<ul class=\"wp-block-list\">\n<li>Au tiers-lieu BOBO, rue des Canadiens, animation \u00ab&nbsp;Pelotes et Bi\u00e8res&nbsp;\u00bb, en partenariat avec la M.J.C.<\/li>\n\n\n\n<li>Conf\u00e9rence intitul\u00e9e \u00ab&nbsp;Le Jardin R\u00e9silient&nbsp;\u00bb, anim\u00e9e par Jean-Paul Thorez, auteur d&rsquo;un <a href=\"https:\/\/www.terrevivante.org\/boutique\/livres\/permaculture-jardin-bio\/potager\/solutions-pour-un-jardin-resilient\/\" data-type=\"URL\" data-id=\"https:\/\/www.terrevivante.org\/boutique\/livres\/permaculture-jardin-bio\/potager\/solutions-pour-un-jardin-resilient\/\" target=\"_blank\" rel=\"noreferrer noopener\">livre du m\u00eame titre<\/a>.<\/li>\n\n\n\n<li>Conf\u00e9rence \u00ab&nbsp;A la d\u00e9couverte des m\u00e9sanges normandes&nbsp;\u00bb, \u00e0 la Maison des Associations, anim\u00e9e par Xavier Barraud.<\/li>\n\n\n\n<li>Toute une s\u00e9rie de conf\u00e9rences : \u00ab&nbsp;Les Oiseaux Musiciens&nbsp;\u00bb en partenariat avec \u00ab&nbsp;Au Gr\u00e9 des Ondes&nbsp;\u00bb anim\u00e9e par Xavier Barraud pour l\u2019\u00e9tude et l\u2019\u00e9coute des chants d\u2019oiseaux et les pianistes, H\u00e9l\u00e8ne Leloup G\u00e9l\u00e9bart et Cl\u00e9ment G\u00e9l\u00e9bart pour l\u2019ex\u00e9cution de morceaux choisis sur cette th\u00e9matique \u00e0 Bernay, Evreux, Plasnes et prochainement \u00e0 la prison d\u2019Evreux.<\/li>\n<\/ul>\n\n\n\n<figure class=\"wp-block-image alignwide size-large\"><img loading=\"lazy\" decoding=\"async\" width=\"1024\" height=\"724\" src=\"https:\/\/agrion-risle-charentonne.fr\/wp-content\/uploads\/2023\/03\/Les-Oiseaux-Musiciens-image-1024x724.jpg\" alt=\"\" class=\"wp-image-110\" srcset=\"https:\/\/agrion-risle-charentonne.fr\/wp-content\/uploads\/2023\/03\/Les-Oiseaux-Musiciens-image-1024x724.jpg 1024w, https:\/\/agrion-risle-charentonne.fr\/wp-content\/uploads\/2023\/03\/Les-Oiseaux-Musiciens-image-300x212.jpg 300w, https:\/\/agrion-risle-charentonne.fr\/wp-content\/uploads\/2023\/03\/Les-Oiseaux-Musiciens-image-768x543.jpg 768w, https:\/\/agrion-risle-charentonne.fr\/wp-content\/uploads\/2023\/03\/Les-Oiseaux-Musiciens-image-1536x1085.jpg 1536w, https:\/\/agrion-risle-charentonne.fr\/wp-content\/uploads\/2023\/03\/Les-Oiseaux-Musiciens-image-2048x1447.jpg 2048w, https:\/\/agrion-risle-charentonne.fr\/wp-content\/uploads\/2023\/03\/Les-Oiseaux-Musiciens-image-1200x848.jpg 1200w, https:\/\/agrion-risle-charentonne.fr\/wp-content\/uploads\/2023\/03\/Les-Oiseaux-Musiciens-image-1980x1399.jpg 1980w\" sizes=\"auto, (max-width: 1024px) 100vw, 1024px\" \/><figcaption class=\"wp-element-caption\">Conf\u00e9rence <em>Les oiseaux musiciens<\/em>.<\/figcaption><\/figure>\n\n\n\n<ul class=\"wp-block-list\">\n<li>Une balade Botanique le 5 juin, en partenariat avec le Mus\u00e9e de Bernay, a permis de recenser et de mettre en \u00e9vidence les plantes sauvages de bord des trottoirs.<\/li>\n<\/ul>\n","protected":false},"excerpt":{"rendered":"<p>Calendrier Historique des \u00e9v\u00e8nements 2025 2024 2023 2022<\/p>\n","protected":false},"author":1,"featured_media":0,"parent":0,"menu_order":0,"comment_status":"closed","ping_status":"closed","template":"","meta":{"_EventAllDay":false,"_EventTimezone":"","_EventStartDate":"","_EventEndDate":"","_EventStartDateUTC":"","_EventEndDateUTC":"","_EventShowMap":false,"_EventShowMapLink":false,"_EventURL":"","_EventCost":"","_EventCostDescription":"","_EventCurrencySymbol":"","_EventCurrencyCode":"","_EventCurrencyPosition":"","_EventDateTimeSeparator":"","_EventTimeRangeSeparator":"","_EventOrganizerID":[],"_EventVenueID":[],"_OrganizerEmail":"","_OrganizerPhone":"","_OrganizerWebsite":"","_VenueAddress":"","_VenueCity":"","_VenueCountry":"","_VenueProvince":"","_VenueState":"","_VenueZip":"","_VenuePhone":"","_VenueURL":"","_VenueStateProvince":"","_VenueLat":"","_VenueLng":"","_VenueShowMap":false,"_VenueShowMapLink":false,"footnotes":""},"class_list":["post-202","page","type-page","status-publish","hentry"],"_links":{"self":[{"href":"https:\/\/agrion-risle-charentonne.fr\/index.php\/wp-json\/wp\/v2\/pages\/202","targetHints":{"allow":["GET"]}}],"collection":[{"href":"https:\/\/agrion-risle-charentonne.fr\/index.php\/wp-json\/wp\/v2\/pages"}],"about":[{"href":"https:\/\/agrion-risle-charentonne.fr\/index.php\/wp-json\/wp\/v2\/types\/page"}],"author":[{"embeddable":true,"href":"https:\/\/agrion-risle-charentonne.fr\/index.php\/wp-json\/wp\/v2\/users\/1"}],"replies":[{"embeddable":true,"href":"https:\/\/agrion-risle-charentonne.fr\/index.php\/wp-json\/wp\/v2\/comments?post=202"}],"version-history":[{"count":13,"href":"https:\/\/agrion-risle-charentonne.fr\/index.php\/wp-json\/wp\/v2\/pages\/202\/revisions"}],"predecessor-version":[{"id":443,"href":"https:\/\/agrion-risle-charentonne.fr\/index.php\/wp-json\/wp\/v2\/pages\/202\/revisions\/443"}],"wp:attachment":[{"href":"https:\/\/agrion-risle-charentonne.fr\/index.php\/wp-json\/wp\/v2\/media?parent=202"}],"curies":[{"name":"wp","href":"https:\/\/api.w.org\/{rel}","templated":true}]}}